- ((-11 - 1) + (11 + -13 - -1))
-8
78 + -87 - (6 + (-98 - (-1 + -1) - -5))
76
What is 12 + (-21 + 16 - -1 - 2 - (45 + -4))?
-35
3 + 13 + 12 + -36
-8
Evaluate 0 + -8 - (1141 + -1092 + 29 + -1).
-85
Evaluate -60 + (-14 - -171) + -92.
5
Evaluate 1 + -145 + (-41 - -4 - -23 - -32).
-126
Evaluate -4 + -4 + -2 - (-2 + 33 + (-121 - -112)).
-32
Calculate -53 - (-1 + -11 + 11 + -1 + 3 + -4).
-50
Calculate 68 - 1 - ((-56 - -19) + 56).
48
What is the value of ((25 - 23) + 3 + -6 - -2) + 20?
21
What is the value of 80 - (63 - (-19 + 127))?
125
Calculate 12 + -1 + (4 - (10 + -26)).
31
103 + -15 + (15 - ((-11 - -5) + 14))
95
242 + -53 - 156 - (-1 - -8)
26
Calculate 93 + -151 + 125 - -86.
153
Evaluate (-14 - (-68 + (23 - 17)) - -12) + -9.
51
11 - 13 - (-11 + 28 + -18 + 10)
-11
61 + -40 - (3 - (-2 - 3)) - 19
-6
What is 75 - (18 - (-2 + (11 - 1) - (39 + -42)))?
68
What is the value of -26 - (-37 + 33 - -17 - 9)?
-30
What is -21 + 0 + -5 + 52 + -43 + 12?
-5
(341 - 406) + (9 - -74)
18
Calculate -2 + 3 + (1 - 24) + -92 + 135.
21
Calculate 4 - -68 - (-10 - ((212 - 223) + (-4 - -1))).
68
223 - 261 - (-26 + -2)
-10
Evaluate -6 + -4 + -1 - (-170 + 173).
-14
Calculate -42 + (68 - 35) + 13.
4
Evaluate 16 + -19 + 7 + -7 + 11.
8
Calculate 12 - (8 + (1 - 8) + -13 - -9).
15
What is the value of 7 + -25 - (-88 + 88)?
-18
Calculate 11 + (5 - (4 - (-13 - -1)) - -4) + -21.
-17
Evaluate -31 - (-49 + 6) - 32 - (-91 - 2).
73
Calculate -66 - (22 + -27 + -22).
-39
Calculate 114 + -129 + 60 + -65.
-20
(91 - 104 - (0 + -5 + -1)) + 40
33
Calculate -7929 + 7943 - (-4 + 1).
17
What is 118 - (-1355 + 1344 - (-1 - 15))?
113
What is (1 - -77) + 19 + (-7 - 31)?
59
What is the value of -35 + 151 + -196 - (-1 - 20)?
-59
Calculate (108 - 79) + (51 - 26).
54
What is the value of (159 - (291 + -168)) + -150?
-114
Calculate -29 + -24 - -77 - 54.
-30
What is the value of -17 - -4 - (17 + (-19 - -8) + -15)?
-4
Evaluate (-40 - (-8 - 20)) + 4.
-8
What is (-16 - -48) + 0 - (22 + -1)?
11
Evaluate (-71 - -5) + (-86 - -39 - -50).
-63
Calculate 6 - -7 - (8 + 19 + -14) - -19.
19
Evaluate 30 - -2 - (0 - -4 - 16).
44
What is (-6 + 30 - 17) + -14 + -14 + (-1 - 0)?
-22
Calculate 0 - -19 - (-1 + 47 - 35).
8
Calculate 3 + (89 - 23) - ((4 - -7) + -14).
72
What is the value of 25 + 0 - (861 + -830) - -51?
45
What is -108 + 3 - -2 - (1803 + -1806)?
-100
What is the value of -44 + 44 - (0 + -27 + 10 + 77)?
-60
-231 + 302 + (-17 - -8)
62
What is -15 - (-4 + 17 + (-24 - (14 - 31)))?
-21
Evaluate 5 - -35 - 11 - (-165 + 155).
39
Calculate (-1 - 1) + -1540 + 1561.
19
What is -64 + (4 - (3 + 1)) + 2 + (10 - 2)?
-54
Evaluate -19 + -17 + (67 - 0) + 0.
31
What is the value of -46 + 5 + 99 + 4 + -10 + 5?
57
Calculate 46 + (11 - (-10 + 23) - 8) - 14.
22
44 + -26 + -72 + 15
-39
Calculate -95 + 95 + -96 + 40.
-56
What is (-184 - -14) + 50 - -35?
-85
16 + -1 - (11 - ((6 + -17 - -8) + 4))
5
Calculate (-2 + -5 - (-53 - -34)) + -14 - 48.
-50
What is the value of 29 - (-30 - 2 - -61) - (0 - (-35 - 1))?
-36
Evaluate 62 + (-46 - (-14 - 18)).
48
Evaluate (5 - (-6 + 3)) + -5 + (-47 - (13 + -24)).
-33
-6 + 11 + -70 + (-40 - (-40 - -31))
-96
124 + -195 + 79 + -78 + 1
-69
Evaluate -7 + 26 + -10 - 8.
1
Calculate 17 + -20 + (-25 - -21) + 0 + 14 + -30.
-23
Evaluate -30 + (-26 - (5 + 27)) + 12.
-76
What is 4 - -64 - (-3 + (6 - (-3 - 1) - -1))?
60
Calculate 60 + 2 + -4 - (-26 + -1 + 18 + 10).
57
What is the value of (-44 - (57 - 97)) + (2 + -4 - 24)?
-30
What is the value of 125 + -3 - 141 - (-129 - 0)?
110
415 + -461 - (8 - -4)
-58
What is (4 + -12 - -17 - 21) + 2 + 10?
0
Evaluate 21 + (-113 - -225) - 182.
-49
What is the value of -34 - ((-2 - 25) + 10)?
-17
What is -18 + (0 + 6 - ((-18 - -11) + 0 - -9))?
-14
-28 + (4 - (0 + -5) - (54 + -35))
-38
Evaluate (-12 + (-52 - 9) - (-10 + -1)) + 9 + -5.
-58
What is -85 + 208 + -106 + 76?
93
Evaluate -23 + (-20 - (-49 + -10)) + -69.
-53
Calculate -12349 + 12238 - (-7 - 0).
-104
Calculate (143 - 158 - (-26 + -4 + -1)) + 0 + -1.
15
What is the value of -15 - -5 - 34 - (13 + -19)?
-38
What is the value of (2 + 54 - 69) + -2 + 14?
-1
Evaluate -45 + 24 - (-53 - -54 - (12 - 0)).
-10
Evaluate 13 + (1 - 23) + 61 + 53 + -41.
64
What is the value of -652 + 645 + 0 + 0 - -47?
40
What is the value of (2557 - 2574) + (-3 - 0 - -40)?
20
What is (-50 - -46) + (-6 + 11 - 4) - -55?
52
What is the value of 22 - (-3 + 5 + 0) - (-1714 - -1701)?
33
Evaluate (4 - -8) + -57 + 65 - 72.
-52
Evaluate -1 + -37 - (10 + (32 - 14) + -14 - 12).
-40
Evaluate 24 + (-33 - -18) + 1 - -10.
20
Evaluate (-469 + 534 - (33 - 1)) + -12.
21
Evaluate -18 + (8 - -9) + 0 + 6.
5
Calculate -6 - (-5 + -45 + 18) - -18.
44
(-55 - 89 - -38) + 65
-41
What is the value of (30 - (25 + (13 - 28)) - 20) + -17?
-17
What is 0 + -1 + 88 + (-38 - 41)?
8
(82 - (-18 + -2)) + (19 - 5) + -22
94
Calculate (9 - 20) + 51 + 30.
70
What is -77 + (20 - (21 + 13 + -10 + -13))?
-68
What is the value of -1 + (-2 - (-1 - -1)) - 2 - (-103 - -96)?
2
Calculate -1 + 1 + 1 + 5 - (2227 + -2176).
-45
Evaluate (-2 - (-15 + 14) - 11) + (8 + 0 - 67).
-71
Evaluate 3 + 1 - (-29 + -24 + 49 + 23).
-15
Calculate 12 + -2 + -13 - (-1 + -2) - (88 + -99).
11
38 + -8 + (8 - (20 - -3))
15
What is the value of 11 + (-3 + 4 + (15 - 9) - (80 + 1))?
-63
What is (-2 - -8) + ((9 - 17) + 3 - (-3 - 6))?
10
Calculate -4 - (0 + 19 + -64).
41
Calculate 28 - (-9 + -1 - ((22 - 2) + -31)).
27
What is 14 - (4 + -5) - (7 + 3 - (-11 - -39))?
33
Calculate 27 + -26 + -29 - -73.
45
What is the value of 19 + (237 - 240) + (-1 - (31 - 1))?
-15
(-20 + -15 - -33) + 5 + (-4 - -6) + -21
-16
What is the value of -37 - -6 - -69 - 82?
-44
What is (-1 - 30) + -1 - (-1012 - -1014)?
-34
Evaluate -8 + ((9 - (28 + -9)) + 2 + 100 - -2).
86
What is -11 - (-94 + -38 + 46)?
75
-23 - (-8 - (6 + 8)) - (10 + (-2 - -4))
-13
Evaluate -8 + 27 + 3 + -3 + 75 + -74.
20
What is the value of (76 - 27) + -62 - (4 + 33 - (3 + -3))?
-50
Calculate 9 - (10 + -25 + 17 - ((-92 - -1) + 2)).
-82
506 + -273 + 50 + -169
114
Calculate -13 - (-487 + 469 - (0 - 54)).
-49
Calculate -1 + 6 - 23 - (-5 + -37 + -32).
56
What is the value of 62 - (-23 + 0) - 94?
-9
What is the value of -69 - ((37 - (34 + 36)) + 24)?
-60
What is -18 - 43 - (-563 - -522)?
-20
What is the value of (3 + (0 + -7 - -10) - 0) + (-140 - -45)?
-89
Evaluate -34 - (-39 + 6) - (-2 + -6 + 2).
5
What is -40 + (38 - 43 - -29)?
-16
What is the value of 1 + 45 - (11 - (61 - (2 + 28)) - -25)?
41
What is the value of 11 + (-24 - -27 - (2 + 6 + -4)) + -3?
7
What is -17 + -7 + -25 + -12?
-61
What is 40 + -19 + (-28 - -21) + -125?
-111
What is -4 + 21 - (-296 - -312) - -56?
57
36 - ((-9 - -15 - -5) + 4) - -10
31
Calculate 24 + (-98 - (-130 - -11)).
45
Evaluate (5 - (22 + -30)) + (23 - 6).
30
9 + 22 + -92 + -9 + 15
-55
(-21 - -10) + -92 + -2 + (3 - 3) - -3
-102
What is -10 + 3 - (11 + -70 - -55)?
-3
What is 17 - (-2 - (-21 - -32 - -28))?
58
Evaluate -11 - (-2 + -3 - (-11 + 16 - 9)) - -53.
43
(-4 + 9 - (44 - (-35 - -74))) + -21
-21
-62 + 29 - (-4 + -23)
-6
What is -1 + -8 - (277 - 416) - 16?
114
What is the value of -4 - -98 - -40 - 53?
81
What is 37 + -42 + 54 + -39?
10
Evaluate (35 - -21) + (0 - -1) + -1.
56
Evaluate (66 - (-39 + 79)) + -30 + -44.
-48
What is 41 - (95 + 21 + -80)?
5
2 + -37 + (198 - 149)
14
Calculate 21 + (-123 - -68 - -25).
-9
Calculate -137 - (-10 + (-125 - -63)).
-65
What is the value of 34 - 27 - (-1 + -2 + -1) - 13?
-2
Evaluate (97 - 8) + -61 + 59.
87
Evaluate -7 - (11 + (15 - 66)).
33
What is the value of (-7 - -19 - -5) + -31?
-14
What is the value of (0 - (112 - 75)) + 11 + 0?
-26
Calculate (1255 - 1265) + (-29 - 0).
-39
Evaluate -44 - (-16 - (14 - (10 - 0))) - (-4 - 1).
-19
What is the value of 26 - 31 - 122 - (36 - 78)?
-85
Calculate -1 + 1 - 3 - ((-27 + 29 - 22) + 81).
-64
Evaluate (10 - (0 - (-10 - ((-10 - -20) + -17)))) + -17.
-10
Calculate 9 + 11 + -26 + (-1 - 0 - -33).
26
7 + (-43 - -13) + 7
-16
What is (-13 - -17) + (-5 - 1) + (-55 - 9)?
-66
Calculate (-110 - -4) + -3990 + 4027.
-69
-45 + 92 + -39 + (4 - 56)
-44
Calculate (18 - 10) + (-1 - -29) + (34 - 30).
40
Calculate -759 + 746 - (1 - 10 - (14 + -8)).
2
What is 115 + -101 - (9 + -14 - -64)?
-45
Calculate -13 + (-28 - -8 - -52) - (-1 - -51).
-31
What is the value of -2 + 24 + (-1 + -11 - (20 + -68 - -21))?
37
Calc